6907
What are the prime factors of 2989228278?
2, 3, 498204713
What are the prime factors of 502251686?
2, 251125843
What are the prime factors of 3847980984?
2, 3, 67, 2393023
List the prime factors of 144380126.
2, 11, 19, 211, 1637
What are the prime factors of 568079136?
2, 3, 657499
What are the prime factors of 56711784?
2, 3, 149, 15859
List the prime factors of 49514108.
2, 7, 151, 239
List the prime factors of 32791095.
3, 5, 293, 829
What are the prime factors of 1716861805?
5, 18371, 18691
What are the prime factors of 29112540?
2, 3, 5, 485209
List the prime factors of 512506748.
2, 13, 1699, 5801
List the prime factors of 30736877.
181, 169817
List the prime factors of 1888415227.
1888415227
What are the prime factors of 3708866?
2, 7, 264919
List the prime factors of 826089837.
3, 275363279
What are the prime factors of 154021438?
2, 389, 197971
What are the prime factors of 169855804?
2, 42463951
What are the prime factors of 1857303823?
1583, 1173281
List the prime factors of 154615072.
2, 89, 233
List the prime factors of 36538323.
3, 103, 118247
What are the prime factors of 41077443?
3, 11, 113161
What are the prime factors of 33187567?
7, 4741081
What are the prime factors of 11553816?
2, 3, 481409
List the prime factors of 44098773.
3, 14699591
What are the prime factors of 128073935?
5, 11, 2328617
What are the prime factors of 56845231?
47, 271, 4463
List the prime factors of 249329096.
2, 19, 1640323
What are the prime factors of 327373198?
2, 163686599
What are the prime factors of 104072506?
2, 89, 584677
List the prime factors of 286874542.
2, 37, 101, 131, 293
What are the prime factors of 475846176?
2, 3, 13, 381287
What are the prime factors of 368326905?
3, 5, 269, 91283
What are the prime factors of 58081028?
2, 61, 238037
List the prime factors of 519892860.
2, 3, 5, 29, 73, 4093
List the prime factors of 1336509878.
2, 11, 61, 995909
List the prime factors of 35898005.
5, 11, 13, 50207
What are the prime factors of 2145703225?
5, 41, 43, 89, 547
What are the prime factors of 72632432?
2, 17, 71, 3761
What are the prime factors of 3666278885?
5, 733255777
List the prime factors of 1444769461.
1444769461
What are the prime factors of 104895298?
2, 2063, 25423
What are the prime factors of 2718876624?
2, 3, 37, 41, 37339
What are the prime factors of 529247353?
529247353
List the prime factors of 437499661.
163, 761, 3527
List the prime factors of 350618948.
2, 17, 5156161
What are the prime factors of 389005282?
2, 317, 613573
What are the prime factors of 2039100239?
11, 59, 3141911
List the prime factors of 5915108867.
1381, 1913, 2239
List the prime factors of 105475171.
23, 4585877
What are the prime factors of 57045961?
7, 19, 229, 1873
List the prime factors of 165437902.
2, 7, 19, 223, 2789
List the prime factors of 49640772.
2, 3, 251, 16481
List the prime factors of 199134192.
2, 3, 17, 277, 881
List the prime factors of 1854384043.
1854384043
What are the prime factors of 1387655617?
17, 81626801
List the prime factors of 109119229.
109119229
What are the prime factors of 1137201367?
1137201367
What are the prime factors of 5958051879?
3, 13, 152770561
What are the prime factors of 108623091?
3, 36207697
What are the prime factors of 156091545?
3, 5, 3468701
List the prime factors of 412238893.
11, 43, 79231
What are the prime factors of 64683831?
3, 21561277
List the prime factors of 157883670.
2, 3, 5, 7, 73, 3433
List the prime factors of 1711608193.
1049, 1631657
What are the prime factors of 19371539?
11, 1761049
What are the prime factors of 317230066?
2, 158615033
What are the prime factors of 32944225?
5, 317, 4157
List the prime factors of 109934899.
41, 79, 33941
List the prime factors of 275795628.
2, 3, 22982969
List the prime factors of 31572900.
2, 3, 5, 35081
What are the prime factors of 3535573971?
3, 20407, 57751
What are the prime factors of 43450485?
3, 5, 13, 222823
What are the prime factors of 20265371?
7, 413579
What are the prime factors of 240332685?
3, 5, 67, 239137
What are the prime factors of 1817243956?
2, 11, 2153, 19183
What are the prime factors of 22876881?
3, 23, 331549
What are the prime factors of 1697342303?
7607, 223129
What are the prime factors of 26224636?
2, 19, 31, 11131
What are the prime factors of 388089957?
3, 17, 7609607
What are the prime factors of 12843440?
2, 5, 37, 4339
What are the prime factors of 569333275?
5, 7, 3253333
What are the prime factors of 210621022?
2, 929, 113359
List the prime factors of 80575461.
3, 17, 526637
List the prime factors of 5568672195.
3, 5, 251, 493021
List the prime factors of 363230696.
2, 45403837
What are the prime factors of 2734993845?
3, 5, 2749, 22109
List the prime factors of 3755298.
2, 3, 625883
List the prime factors of 96043093.
67, 107, 13397
List the prime factors of 3446780.
2, 5, 23, 59, 127
What are the prime factors of 188150708?
2, 83, 566719
List the prime factors of 122499699.
3, 7, 107, 54517
List the prime factors of 178303817.
67, 2661251
List the prime factors of 56804512.
2, 73, 24317
List the prime factors of 1116516270.
2, 3, 5, 571, 65179
What are the prime factors of 357558710?
2, 5, 4241, 8431
What are the prime factors of 3296986?
2, 7, 11, 79, 271
What are the prime factors of 1359264993?
3, 453088331
What are the prime factors of 10726872?
2, 3, 13, 34381
What are the prime factors of 19938871?
1801, 11071
List the prime factors of 503243760.
2, 3, 5, 97, 21617
List the prime factors of 228526213.
67, 107, 127, 251
List the prime factors of 631660437.
3, 233, 33469
List the prime factors of 24717093.
3, 8239031
What are the prime factors of 1979363?
19, 5483
List the prime factors of 97684672.
2, 257, 5939
List the prime factors of 1032677651.
79, 107, 122167
What are the prime factors of 15845539?
157, 100927
List the prime factors of 1280369.
383, 3343
What are the prime factors of 270144146?
2, 43, 3141211
List the prime factors of 117029275.
5, 11, 17, 25033
What are the prime factors of 2570644799?
2570644799
List the prime factors of 27312468.
2, 3, 389, 5851
List the prime factors of 3898262667.
3, 13, 7688881
What are the prime factors of 3499875989?
41, 85362829
What are the prime factors of 25426144?
2, 101, 7867
What are the prime factors of 7324424752?
2, 71, 6447557
List the prime factors of 1401817961.
23, 449, 135743
What are the prime factors of 697343460?
2, 3, 5, 11, 61, 17321
What are the prime factors of 72359315?
5, 7, 19, 233, 467
List the prime factors of 16311847.
523, 31189
List the prime factors of 371874452.
2, 283, 328511
What are the prime factors of 68245549?
19, 3591871
What are the prime factors of 404844977?
404844977
What are the prime factors of 778852427?
19, 23, 1782271
What are the prime factors of 1894202394?
2, 3, 7, 73, 617809
List the prime factors of 27839407.
23, 1210409
List the prime factors of 148536048.
2, 3, 3094501
List the prime factors of 74566339.
61, 809, 1511
List the prime factors of 1169106401.
281, 4160521
List the prime factors of 6469726972.
2, 3191, 506873
List the prime factors of 28417727.
13, 17, 149, 863
What are the prime factors of 102243654?
2, 3, 37, 73, 701
List the prime factors of 5405463870.
2, 3, 5, 277, 650477
List the prime factors of 60371860.
2, 5, 3018593
What are the prime factors of 29418931?
29418931
List the prime factors of 532717592.
2, 11, 19, 41, 409
What are the prime factors of 34640306?
2, 19, 151, 6037
List the prime factors of 18974137.
7, 13, 43, 373
What are the prime factors of 238840441?
7, 23, 631, 2351
List the prime factors of 142330021.
31, 241, 19051
List the prime factors of 364374349.
23, 947, 16729
What are the prime factors of 263297016?
2, 3, 3656903
What are the prime factors of 4010136505?
5, 1753, 457517
What are the prime factors of 1298609289?
3, 1163, 124067
What are the prime factors of 16921731?
3, 59, 95603
What are the prime factors of 19938406?
2, 9969203
List the prime factors of 56072188.
2, 17, 824591
List the prime factors of 74418061.
17, 47, 93139
What are the prime factors of 3566515163?
3566515163
List the prime factors of 1004924206.
2, 11, 13, 3513721
List the prime factors of 25067979.
3, 17, 59, 2777
What are the prime factors of 261571892?
2, 131, 499